{"id":17,"date":"2014-09-23T11:19:25","date_gmt":"2014-09-23T11:19:25","guid":{"rendered":"http:\/\/baumgartner-transport.ch\/?page_id=17"},"modified":"2014-09-23T11:47:53","modified_gmt":"2014-09-23T11:47:53","slug":"oldtimertreffen","status":"publish","type":"page","link":"https:\/\/baumgartner-transport.ch\/?page_id=17","title":{"rendered":"Oldtimertreffen"},"content":{"rendered":"<p><a href=\"https:\/\/i0.wp.com\/baumgartner-transport.ch\/wp-content\/uploads\/2014\/09\/oldtimer_01.jpg?ssl=1\"><img data-recalc-dims=\"1\" loading=\"lazy\" decoding=\"async\" class=\"size-full wp-image-8 aligncenter\" src=\"https:\/\/i0.wp.com\/baumgartner-transport.ch\/wp-content\/uploads\/2014\/09\/oldtimer_01.jpg?resize=530%2C350&#038;ssl=1\" alt=\"oldtimer_01\" width=\"530\" height=\"350\" srcset=\"https:\/\/i0.wp.com\/baumgartner-transport.ch\/wp-content\/uploads\/2014\/09\/oldtimer_01.jpg?w=530&amp;ssl=1 530w, https:\/\/i0.wp.com\/baumgartner-transport.ch\/wp-content\/uploads\/2014\/09\/oldtimer_01.jpg?resize=300%2C198&amp;ssl=1 300w\" sizes=\"auto, (max-width: 530px) 100vw, 530px\" \/><\/a><\/p>\n<p>Seit\u00a0dem Erfolg im Jahre 2007 organisiert der Glarner Transportunternehmer Jakob Baumgartner j\u00e4hrlich\u00a0ein Treffen der legend\u00e4ren Saurer und Berna 8-Zylinder-Oldtimer-Lastwagen. Ab 09.00 Uhr k\u00f6nnen die Veteranen der Landstrasse in Glarus bewundert werden. Danach werden die anwesenden alten Post-, Feuerwehrautos und Lastwagen \u00fcber den Ricken, Wildhaus, Buchs und Walenstadt gemeinsam eine Ausfahrt machen. In den Jahren 1935 bis 1959 wurde bei der Firma Adolph Saurer in Arbon 690 St\u00fcck des legend\u00e4ren 8-Zylinder produziert. Dieser Lastwagen, der mit 160 und 180 PS erh\u00e4ltlich war, wurde anno dazumal auch das Auto der K\u00f6nigsklasse genannt. Jakob Baumgartner senior, der Vater des jetzigen Betriebsinhabers, konnte dieses vielseitig einsetzbare, und dazumal st\u00e4rkste Fahrzeug im Kanton, nach einer Lieferfrist von zwei Jahren in Arbon abholen. Der Kaufpreis von 116\u00a0000 Franken mussten je zu einem Drittel im Voraus, bei Abholung und nach einem Monat bezahlt werden. Die Br\u00fccke beim Lastwagenjubilar konnte mit einem Aufsatz f\u00fcr M\u00f6beltransporte ausgetauscht werden, wurde in der ersten Zeit aber vor allem als Kipper mit einem Einachsanh\u00e4nger benutzt. Dieses universelle Fahrzeug stand bei der Firma Baumgartner unter anderem bei der Erstellung der Walenseestrasse, als Baggertransporter f\u00fcr die Firma Tschokke, beim Bau der Limmernstaumauer f\u00fcr den Transport der 18 Meter langen Betoneisen von Basel nach Linthal, mit dem Elmer Citro \u00fcber die alte Tremola ins Tessin, aber auch als Schneepflug im Einsatz.<\/p>\n","protected":false},"excerpt":{"rendered":"<p>Seit\u00a0dem Erfolg im Jahre 2007 organisiert der Glarner Transportunternehmer Jakob Baumgartner j\u00e4hrlich\u00a0ein Treffen der legend\u00e4ren Saurer und Berna 8-Zylinder-Oldtimer-Lastwagen. Ab 09.00 Uhr k\u00f6nnen die Veteranen der Landstrasse in Glarus bewundert werden. Danach werden die anwesenden alten Post-, Feuerwehrautos und Lastwagen \u00fcber den Ricken, Wildhaus, Buchs und Walenstadt gemeinsam eine Ausfahrt machen. In den Jahren 1935 [&hellip;]<\/p>\n","protected":false},"author":1,"featured_media":0,"parent":0,"menu_order":0,"comment_status":"closed","ping_status":"closed","template":"","meta":{"footnotes":""},"class_list":["post-17","page","type-page","status-publish","hentry"],"jetpack_sharing_enabled":true,"jetpack_shortlink":"https:\/\/wp.me\/P77aff-h","jetpack-related-posts":[],"_links":{"self":[{"href":"https:\/\/baumgartner-transport.ch\/index.php?rest_route=\/wp\/v2\/pages\/17","targetHints":{"allow":["GET"]}}],"collection":[{"href":"https:\/\/baumgartner-transport.ch\/index.php?rest_route=\/wp\/v2\/pages"}],"about":[{"href":"https:\/\/baumgartner-transport.ch\/index.php?rest_route=\/wp\/v2\/types\/page"}],"author":[{"embeddable":true,"href":"https:\/\/baumgartner-transport.ch\/index.php?rest_route=\/wp\/v2\/users\/1"}],"replies":[{"embeddable":true,"href":"https:\/\/baumgartner-transport.ch\/index.php?rest_route=%2Fwp%2Fv2%2Fcomments&post=17"}],"version-history":[{"count":3,"href":"https:\/\/baumgartner-transport.ch\/index.php?rest_route=\/wp\/v2\/pages\/17\/revisions"}],"predecessor-version":[{"id":34,"href":"https:\/\/baumgartner-transport.ch\/index.php?rest_route=\/wp\/v2\/pages\/17\/revisions\/34"}],"wp:attachment":[{"href":"https:\/\/baumgartner-transport.ch\/index.php?rest_route=%2Fwp%2Fv2%2Fmedia&parent=17"}],"curies":[{"name":"wp","href":"https:\/\/api.w.org\/{rel}","templated":true}]}}

<p><a href="https://i0.wp.com/baumgartner-transport.ch/wp-content/uploads/2014/09/oldtimer_01.jpg?ssl=1"><img data-recalc-dims="1" loading="lazy" decoding="async" class="size-full wp-image-8 aligncenter" src="https://i0.wp.com/baumgartner-transport.ch/wp-content/uploads/2014/09/oldtimer_01.jpg?resize=530%2C350&#038;ssl=1" alt="oldtimer_01" width="530" height="350" srcset="https://i0.wp.com/baumgartner-transport.ch/wp-content/uploads/2014/09/oldtimer_01.jpg?w=530&amp;ssl=1 530w, https://i0.wp.com/baumgartner-transport.ch/wp-content/uploads/2014/09/oldtimer_01.jpg?resize=300%2C198&amp;ssl=1 300w" sizes="auto, (max-width: 530px) 100vw, 530px" /></a></p>
<p>Seit dem Erfolg im Jahre 2007 organisiert der Glarner Transportunternehmer Jakob Baumgartner jährlich ein Treffen der legendären Saurer und Berna 8-Zylinder-Oldtimer-Lastwagen. Ab 09.00 Uhr können die Veteranen der Landstrasse in Glarus bewundert werden. Danach werden die anwesenden alten Post-, Feuerwehrautos und Lastwagen über den Ricken, Wildhaus, Buchs und Walenstadt gemeinsam eine Ausfahrt machen. In den Jahren 1935 bis 1959 wurde bei der Firma Adolph Saurer in Arbon 690 Stück des legendären 8-Zylinder produziert. Dieser Lastwagen, der mit 160 und 180 PS erhältlich war, wurde anno dazumal auch das Auto der Königsklasse genannt. Jakob Baumgartner senior, der Vater des jetzigen Betriebsinhabers, konnte dieses vielseitig einsetzbare, und dazumal stärkste Fahrzeug im Kanton, nach einer Lieferfrist von zwei Jahren in Arbon abholen. Der Kaufpreis von 116 000 Franken mussten je zu einem Drittel im Voraus, bei Abholung und nach einem Monat bezahlt werden. Die Brücke beim Lastwagenjubilar konnte mit einem Aufsatz für Möbeltransporte ausgetauscht werden, wurde in der ersten Zeit aber vor allem als Kipper mit einem Einachsanhänger benutzt. Dieses universelle Fahrzeug stand bei der Firma Baumgartner unter anderem bei der Erstellung der Walenseestrasse, als Baggertransporter für die Firma Tschokke, beim Bau der Limmernstaumauer für den Transport der 18 Meter langen Betoneisen von Basel nach Linthal, mit dem Elmer Citro über die alte Tremola ins Tessin, aber auch als Schneepflug im Einsatz.</p>

<p>Seit dem Erfolg im Jahre 2007 organisiert der Glarner Transportunternehmer Jakob Baumgartner jährlich ein Treffen der legendären Saurer und Berna 8-Zylinder-Oldtimer-Lastwagen. Ab 09.00 Uhr können die Veteranen der Landstrasse in Glarus bewundert werden. Danach werden die anwesenden alten Post-, Feuerwehrautos und Lastwagen über den Ricken, Wildhaus, Buchs und Walenstadt gemeinsam eine Ausfahrt machen. In den Jahren 1935 [&hellip;]</p>
